1, -x - 3*f = 3*x + 339. Let d = x - -91. List the prime factors of d.
2
Let s = -70 + 123. Let t be 3/12 - (-2)/(-8). Suppose 43 = 3*x - 3*w - 14, t = 2*x - 5*w - s. What are the prime factors of x?
2, 7
List the prime factors of 17/(1/(144/8)).
2, 3, 17
List the prime factors of 5236/7 - (-1 - 1) - -4.
2, 13, 29
Let q = -56 + 42. List the prime factors of q*(30/(-35) - 0).
2, 3
Let r(j) = j**3 - 8*j**2 - 2*j + 16. Let l be r(8). Suppose l = -y + 67 + 28. What are the prime factors of y?
5, 19
Let h(g) be the second derivative of g**6/30 - g**5/120 - 2*g**4/3 + 4*g. Let d(n) be the third derivative of h(n). List the prime factors of d(1).
23
Suppose 2*x + 1 = -3. Let q be (3 - -1) + (-4 - x). What are the prime factors of 2/(-2)*(-15 + q)?
13
Let d(s) = s + 4*s - 3 - 2*s + 0*s. Let k be d(2). Suppose -7*q + k*q = -32. List the prime factors of q.
2
Suppose -2*f = -2 - 2. What are the prime factors of 85/(-10)*(-6 - f)?
2, 17
Suppose -3596 = 27*b - 15476. List the prime factors of b.
2, 5, 11
Suppose 7*s - 427 - 1813 = 0. List the prime factors of s.
2, 5
Let g = 162 - 294. Let m = 370 + g. What are the prime factors of m?
2, 7, 17
Let f = -4341 - -6680. List the prime factors of f.
2339
Let l(a) = -a**3 + 6*a**2 + 4*a + 3. Suppose 0 = 3*d + 4*o + 136, 0 - 2 = -o. Let c be d/28*(-7)/2. List the prime factors of l(c).
3
Let v = 1 - 10. Let a be ((-6)/v)/((-6)/(-45)). Suppose -3*o + 221 = 4*g, 0*o + a*o = g - 84. List the prime factors of g.
59
Let b(u) = u + 8. Let r = 16 - 4. Let n be ((-9)/6)/(r/(-64)). What are the prime factors of b(n)?
2
Let o be (7 - 9)/(0 - 2/(-4)). List the prime factors of (-1 - (-73 - o)) + 2.
2, 5, 7
Suppose 0 = -l - 5*m + 1137, 2*l - 4*m - 1231 = 1099. What are the prime factors of l?
13, 89
Let n(h) = -h**3 + 2*h**2 - 8*h - 15. What are the prime factors of n(-5)?
2, 5
Let z be 4/10 + (-19980)/(-50). Suppose -4*q + z = -0*q. List the prime factors of q.
2, 5
Let l be -2*4*(-1 + 12/(-16)). Suppose t = 2*t + 5. Let x = l + t. List the prime factors of x.
3
Let l = -443 + 1525. List the prime factors of l.
2, 541
Let r(w) = -2*w**3 + 9*w**2 + 8*w - 6. Let l be r(5). What are the prime factors of 74/l - 32/144?
2
Let g be -2*(-5)/20*2. What are the prime factors of (g - 0)*2*33?
2, 3, 11
Let s be (-2 + 2)/(-5 - (-3)/1). Let m(o) = -o + 1. Let v be m(-11). Suppose s = -12*l + 14*l - v. List the prime factors of l.
2, 3
Suppose -5*h = -4*q - 11035, 15*h - q - 11020 = 10*h. What are the prime factors of h?
2203
Let z(k) = k**2 - 5*k - 1. Let t be z(5). Let a be 8/(-6)*(-4 - t). Suppose -a*m = 2*p - 3 - 15, -5*m + p = -19. What are the prime factors of m?
2
Let x = 31 - 89. Let f = 57 - 85. Let n = f - x. List the prime factors of n.
2, 3, 5
Let b(z) = 23*z**2 + 3*z - 9. Let g be b(6). Suppose 0*y - g = -9*y. List the prime factors of y.
3, 31
Suppose -6*c + 7*b + 448 = 2*b, 0 = -5*c + 4*b + 374. List the prime factors of c.
2, 3, 13
Let g(t) = 0*t + 38 - 2*t + 6*t + 6*t. List the prime factors of g(16).
2, 3, 11
Suppose -107*g + 30 = -105*g. Let w(p) = -p**2 + 16*p + 34. List the prime factors of w(g).
7
List the prime factors of 14/21*3909/2.
1303
Let u(z) = -6*z**3 - z**2. Let x be u(-1). Suppose 5*t - x*s - 5 = 0, t = -s + 1 - 2. Suppose t*o = -4*o + 72. What are the prime factors of o?
2, 3
Let c be 35*(0 + (-2 - -3)). Let o = c - 25. Suppose 4*d = -o + 94. What are the prime factors of d?
3, 7
Let v = -81 - -87. Suppose -v = 2*k - 212. What are the prime factors of k?
103
Let n be (171/6)/(8/16). Let i = 83 - n. List the prime factors of i.
2, 13
Let t = 10 - 6. Suppose -4*a + 16 = -t*x - 12, -4 = 4*x + 2*a. List the prime factors of (63/(-28))/(x/8).
2, 3
What are the prime factors of 55 + (27/6)/(6/(-8))?
7
Let c = -2 - 0. Let a be (3/3*-50)/c. Suppose 5*z + 5 - a = 0. What are the prime factors of z?
2
Suppose 2*w + 0*w + 44 = 5*h, -32 = 2*w - 2*h. Let q = -7 - w. Let i(t) = -t**2 + 5*t + 6. List the prime factors of i(q).
2, 3
Let u = -32 - -58. Suppose -u*k + 12 = -23*k. What are the prime factors of k?
2
Let v = -28 + 32. Suppose v = -4*g + 2*m, g = -g - 3*m - 10. What are the prime factors of -19*(g + -1 + 2)?
19
Suppose -2*o = -4*d - 1202, -4*o + o = 5*d - 1836. List the prime factors of o.
607
Let f = 81 + 45. List the prime factors of f.
2, 3, 7
Let l(x) = -x**3 - 13*x**2 - x - 4. Let a(u) = -2*u**3 - 25*u**2 - 3*u - 8. Let q(p) = 3*a(p) - 5*l(p). What are the prime factors of q(-10)?
2, 3
What are the prime factors of 1892/6*(-111)/(-74)?
11, 43
Suppose 4*r = 3*c + c - 68, -5*c - 3*r + 77 = 0. What are the prime factors of 1*-1 + 13/2*c?
103
Let r(j) = 273*j**3. Let b = -69 - -70. List the prime factors of r(b).
3, 7, 13
Let h be (-2)/4 - 3/(-6). Suppose h*j + 253 = 11*j. List the prime factors of j.
23
Suppose 0 = 10*y - 3411 - 739. What are the prime factors of y?
5, 83
Suppose 2*w = 2*s - 0*w - 4816, 7224 = 3*s + 2*w. List the prime factors of s.
2, 7, 43
Let w(i) = 6*i + 63. Let f be w(19). Let v = 192 - f. List the prime factors of v.
3, 5
Let j(r) = 116*r**2. Let x(y) = y**2 + 2*y - 2. Let t be x(1). What are the prime factors of j(t)?
2, 29
List the prime factors of ((-1)/3)/((-57)/319086).
2, 3, 311
Suppose b + 3*b - 104 = 0. List the prime factors of 102/14 + b/(-91).
7
Suppose 79*h - 3*x - 7412 = 77*h, 2 = -x. What are the prime factors of h?
7, 23
Suppose -c = -5*u - 2*c - 45, 5*c = 0. Let i(m) = m**2 + 6*m + 5. Let z be i(u). Let v = z + 7. What are the prime factors of v?
3, 13
Let w(a) = 7*a**3 - 5*a**2 + 24*a - 1. What are the prime factors of w(4)?
463
Let r(x) = 77*x**2 + 183*x - 7. List the prime factors of r(5).
2833
Suppose o + 0 = 46. Let p = o + -28. What are the prime factors of (-3)/(-18) - (-447)/p?
5
Let o(f) = -332*f - 156. What are the prime factors of o(-15)?
2, 3, 67
Let u(x) = -x**3 - 22*x**2 + 18*x - 2. Let i = 74 - 97. List the prime factors of u(i).
113
Suppose 620 = 12*s - 820. Suppose 3*y - 2*i + 0*i = s, -9 = -3*i. What are the prime factors of y?
2, 3, 7
What are the prime factors of (2/10)/(2/170)?
17
Let x(y) = 74*y**2 - 16*y + 7. What are the prime factors of x(3)?
5
Suppose -3*f + 2*w = 31, 3*f + 4*w + 1 = 2*f. What are the prime factors of -57*(-3)/f*-1?
19
Let t(o) = -38*o**3 - o**2 - 5*o - 6. Let z(q) = 2*q**2 + 11*q - 8. Let s be z(-6). List the prime factors of t(s).
2, 19
Let h(n) = -2*n + 4. Let f be h(-4). Let u = 17 - f. List the prime factors of u.
5
Suppose 3*s + s + 4*f = 60, 5*s - 57 = f. What are the prime factors of 1*(s - 12/3)?
2
Let i = -38 - -27. Let p = i - -15. Suppose -p*l - 7 + 31 = 0. List the prime factors of l.
2, 3
Suppose x = -4*a + 18, 4*a + 4 = 2*x + 28. Suppose -139 = -a*t + 431. What are the prime factors of t?
2, 3, 19
Let a(l) = -2*l**2 + 2*l + 4. Let d be a(3). What are the prime factors of (d/(-60)*24)/((-1)/(-35))?
2, 7
Suppose 4*l - 15 = -l + 3*r, 3*l - 33 = -3*r. Suppose l*o = 524 - 218. List the prime factors of o.
3, 17
Suppose -4*a = d + 432 - 1392, 3*d = -2*a + 470. What are the prime factors of a?
241
Suppose 5*d - z - 1002 = 0, -d + 2*z = -z - 206. Let o = d - 82. List the prime factors of o.
2, 59
Suppose t - 67 = -4*y, 33*t - 30*t - 4*y - 233 = 0. List the prime factors of t.
3, 5
Suppose 6641 = 20*u + 9*u. List the prime factors of u.
229
Let n = 38 + -30. List the prime factors of n + 1/((-2)/4).
2, 3
Let x(m) = -102*m - 181. What are the prime factors of x(-5)?
7, 47
Suppose -81*o = -28*o - 219738. List the prime factors of o.
2, 3, 691
Suppose -2*y + 7*y - 3*d + 44 = 0, -4*d = -12. Let o = 28 - y. List the prime factors of o.
5, 7
Let q be (-17)/(-3) - (-26)/(-39). Suppose 4*x + 5*g = 1, q*x = 5*g - 3*g + 26. Suppose -x*k = -15 - 21. List the prime factors of k.
3
Let q(y) be the third derivative of -2/3*y**3 + 5/12*y**4 - 1/60*y**5 + 5*y**2 + 0 + 0*y. What are the prime factors of q(7)?
17
Suppose 34 = 4*t - 278. Let b = 120 - t. List the prime factors of b.
2, 3, 7
Let k = 1163 - -2752. List the prime factors of k.
3, 5, 29
Suppose -28*j + 21*j = -1778. List the prime factors of j.
2, 127
Let b(c) = 2*c - 5. Let w(v) = 4*v - 11. Let f be w(5). What are the prime factors of b(f)?
13
Let f be (208 - 13) + 6/(-2). Suppose -f = -11*z + 2162. What are the prime factors of z?
2, 107
Let y = 3252 + -1830. What are 